. What are the prime factors of z(-6)?
2, 3, 11
Let z(x) = 3*x**2 + 34*x + 3065. List the prime factors of z(0).
5, 613
Suppose 5*s + 35*p = 33*p + 19766, 0 = 4*p + 8. What are the prime factors of s?
2, 3, 659
Let a be 5/(-4) + ((-9)/(-3))/12. Let d(b) = -2*b**2 - 7*b - 6. Let k be d(a). Let n(m) = 220*m**2 + 3*m + 3. List the prime factors of n(k).
2, 5, 11
Let u be 4/(-12) - (-2156)/(-12). Let f be ((u/8)/9)/(2/(-904)). Suppose 0 = y + j - 247 + 21, -5*y - 3*j = -f. List the prime factors of y.
2, 113
Let q(a) = a + 12. Let w be q(-10). Suppose -5*k + 11 = 2*g, k + 3*k = 2*g - w. List the prime factors of (k/(-3))/(-4 + 3862/966).
7, 23
Let m(t) = 463*t - 1542. What are the prime factors of m(12)?
2, 3, 223
Suppose 17*x = 8*x. Suppose -d - 221 = l, x = d - 5. Let u = -92 - l. What are the prime factors of u?
2, 67
Let j = 14601 - 12264. What are the prime factors of j?
3, 19, 41
List the prime factors of -5 + -1 + 1707*52*7/42.
2, 3697
Let a(x) = -x**3 - 20*x**2 + 70*x + 31. Let u be a(-23). Suppose 0 = -m - u*m + 6705. List the prime factors of m.
5, 149
Suppose -r = 2*m + m + 796, 5*m + 4020 = -5*r. Let n = -713 - r. What are the prime factors of n?
5, 19
Let u = 98 - 93. Suppose 0*p = u*p - 1440. Suppose -p = 5*v - 9*v. List the prime factors of v.
2, 3
Let x(j) = -11*j**3 + 3*j**2 + 9*j + 1. Let h be x(-7). Suppose -11*w + 13*w - g = 2579, h = 3*w - 5*g. What are the prime factors of w?
1291
Let g = -225 - -195. Let l = 102 + g. What are the prime factors of l?
2, 3
Suppose -13 - 27 = -f - 2*p, -175 = -5*f - 5*p. Suppose 6*y = y - f. Let l(v) = 2*v**2 - 3*v + 3. List the prime factors of l(y).
3, 31
Let r(v) = 30*v**2 - 328*v + 162. List the prime factors of r(-19).
2, 2153
Suppose -134*r + 190363 + 989909 = 0. What are the prime factors of r?
2, 3, 367
Suppose 3*l - 1844 = 2*l. Suppose 5*j = 3*c + l, -6*j + j + c + 1848 = 0. What are the prime factors of j?
2, 5, 37
Let v = 901 + 4452. What are the prime factors of v?
53, 101
Suppose 0 = 4*w + 11*z - 106564, -w = -z - 20956 - 5670. What are the prime factors of w?
2, 5, 2663
Let q(o) = -75*o - 21. Let f be q(-4). Let m = f - 14. List the prime factors of m.
5, 53
Let t = 90 + -84. Let w = 6 - 3. Suppose w*b = t*b - 231. What are the prime factors of b?
7, 11
Suppose -4746614 = -502*v + 27658490. What are the prime factors of v?
2, 8069
Let j = -7253 - -14631. What are the prime factors of j?
2, 7, 17, 31
Let u(j) = -14*j**2 - 42*j - 130. Let n(z) = -7*z**2 - 21*z - 65. Let t(i) = -5*n(i) + 2*u(i). What are the prime factors of t(-8)?
3, 5, 23
Let l = 2939 - 1573. Suppose -7*q + l = -3233. List the prime factors of q.
3, 73
Let p(a) be the second derivative of -109*a**5/20 - a**4/6 - a**3/2 - 2*a**2 - 34*a - 1. What are the prime factors of p(-2)?
2, 433
Let z be 111*(-2 - (-4)/24*10). Let i = z + 143. What are the prime factors of i?
2, 53
Let n(w) = 153*w - 6. Let f be n(3). Suppose -4*y - 721 = 3*p + 205, 0 = -5*p - 5*y - 1535. Let j = p + f. What are the prime factors of j?
151
Suppose -22*j + 2969 = 637. Let r = j + 140. List the prime factors of r.
2, 3, 41
Let s be -1792 + 3*(5 - 6). Let a = -1056 - s. What are the prime factors of a?
739
Let l(k) = 1441*k**2 + 419*k + 2062. What are the prime factors of l(-5)?
2, 11, 409
Let c(s) = 98*s - 4. Suppose -9*i + 12 = -5*i. Let n be c(i). Let p = n - 193. What are the prime factors of p?
97
Let g = 18200 - -465. What are the prime factors of g?
5, 3733
Let x(s) = -1249*s - 271. List the prime factors of x(-10).
3, 4073
Suppose 2*i + 74 = 2*t - 4*t, 0 = -i + 3*t - 49. Let v = i + 45. Suppose v*l - 144 = -4*u, -2*u + 25 = -l - 61. What are the prime factors of u?
41
Let c = -422 - -251. Let k = 56 + c. Let g = 138 - k. What are the prime factors of g?
11, 23
Let i = 65 - 25. Let k = i + -40. Suppose -2*w - 58 = -y - 0*w, k = 5*w + 5. List the prime factors of y.
2, 7
What are the prime factors of 17 + (20429 - (-104)/13)?
2, 3, 7, 487
Let m(r) = r**3 + 15*r**2 - 3*r - 10. Let a be ((-5)/3)/(-5)*(-51 + 12). What are the prime factors of m(a)?
367
Let o be (-1230)/9 - (-1)/(-3). Let m = 307 + o. List the prime factors of m.
2, 5, 17
Let s = 105 + -73. Let o be (s + -7)/((-3)/(-24)). Let k = o + -142. List the prime factors of k.
2, 29
Suppose -3*i - 3*k = -46803, 17*i - 152926 = 3*k + 112251. What are the prime factors of i?
19, 821
Let z = 34 - 19. Let h(q) = -6*q + 273. Let b be h(10). Let o = b - z. What are the prime factors of o?
2, 3, 11
Let u(t) = 6*t + 25. Let l be u(-8). Let x = -21 - l. Suppose -x*n + 2*q = q - 198, q + 392 = 4*n. What are the prime factors of n?
97
Let g(q) = q**2 - 13*q + 3. Suppose -5*r + 9*s - 4*s + 175 = 0, -2*r + 3*s = -68. Let c = r - 18. List the prime factors of g(c).
3, 13
Let p be 54*7/(6 + 8). Suppose p*c - 18460 = c. List the prime factors of c.
2, 5, 71
Suppose n - 4*r = -n - 40, 10 = n + 4*r. What are the prime factors of 2026/3 + n/(-15)?
2, 13
Let u(g) = 46*g + 26. Let n be u(-11). Let a = n - -911. What are the prime factors of a?
431
Let f(l) = 535*l**3 + 3*l**2 + 52*l - 210. What are the prime factors of f(3)?
2, 3, 89
Suppose 0 = 6*x + 15 - 57. Let t(c) = c**3 - 6*c**2 + 13*c + 2. List the prime factors of t(x).
2, 71
Suppose 0 = -4*r + 2*g + 66192, 4*r + 26*g - 24*g - 66208 = 0. List the prime factors of r.
2, 5, 331
Suppose 0 = -v - f + 13661, 4*f - 23245 = -5*v + 45062. List the prime factors of v.
13, 1051
Let u = -1 - -8. Let k = 1061 + -1059. Suppose u*v - k*v - 703 = -4*g, -g + 181 = -4*v. What are the prime factors of g?
3, 59
Let c(j) = 11*j + 11. Let l be c(-7). Suppose 4*m - 510 = -m. Let v = l + m. What are the prime factors of v?
2, 3
Let n(o) = o - 2. Let t(f) = -39*f**2 - 13*f - 24. Let z(m) = -2*n(m) - t(m). List the prime factors of z(-4).
2, 19
Suppose 4320 = -4*g + 20*g. Let w = g + 292. What are the prime factors of w?
2, 281
Let r(q) = -8524*q**3 + q**2 + 27*q + 27. List the prime factors of r(-1).
5, 11, 31
Suppose -151*v + 156*v = 5*j + 72910, 0 = 5*v - j - 72890. List the prime factors of v.
3, 43, 113
Let x be (-2)/(24/(-1257)) - 11/(-44). Let h = -3 + x. What are the prime factors of h?
2, 3, 17
Suppose -273*a + 233*a = -20760. List the prime factors of a.
3, 173
Let q(p) = -298*p + 209. List the prime factors of q(-16).
3, 7, 79
Suppose 0 = -25*c - 11100 - 53975. Let b = c + 3659. What are the prime factors of b?
2, 3, 11
Suppose 14 = 8*g - 2. Suppose -a = -g*r - 0*r + 85, -4*a + 12 = 0. Let x = r - -21. What are the prime factors of x?
5, 13
Suppose -u = -2*u. Let x(w) = -19*w + 43. Let p(o) = 7*o. Let v(d) = 3*p(d) + x(d). What are the prime factors of v(u)?
43
Let p be 5/((-10)/89)*12/(-2). Suppose 4*s = x - p, -5*s = x - 291 - 3. List the prime factors of x.
3, 31
Let d be 2/(-12) + 26/12. Suppose -d*v + 219 = -v - 3*y, 12 = -3*y. Let b = v + -147. What are the prime factors of b?
2, 3, 5
Suppose 3*k - 8*k = -90. Suppose -u = 2*u - k. Suppose -2*x + u = -2. List the prime factors of x.
2
Suppose -3*j - 4*c + 31 = 0, 0 = -3*j - 2*c + 4*c + 7. Suppose -17 = -o - 3*h, j*h = 6*h. Suppose -o*w = -20*w + 54. List the prime factors of w.
2, 3
Suppose -45 = -r - 243. Let t = 49 - r. Suppose t = -7*z + 842. List the prime factors of z.
5, 17
Let l(d) be the first derivative of -d**3 - 113*d**2/2 + 23*d + 118. What are the prime factors of l(-34)?
397
Suppose 0 = -10*u + 7719 + 2111. Suppose 0 = -6*x + 4931 - u. List the prime factors of x.
2, 7, 47
Suppose 2*v - 15 = -0*v - 5*k, 1 = -k. Suppose 3*t - 5 - 3 = 2*p, 2*p - 4*t = -v. List the prime factors of (-38)/p - (0 + -3).
41
Suppose -16*t + 84861 = 5*t - 12*t. List the prime factors of t.
3, 7, 449
Suppose -102*l = -107*l + 20. Suppose -204 = -2*g - c, c + 408 = 4*g + l*c. Suppose 2*p = 66 + g. What are the prime factors of p?
2, 3, 7
Suppose -122*g - 1955 = -105*g. Let o(t) = 6*t - 9. Let z be o(7). Let y = z - g. What are the prime factors of y?
2, 37
What are the prime factors of 19 - (-31)/((-496)/(-623424))?
7, 5569
Let m = -38 + 130. Suppose -12*o = -8*o + m. Let c = o - -75. List the prime factors of c.
2, 13
Let l(r) = r**2 + 10*r - 144. Let v be l(-18). Suppose -w + 24 + 725 = v. What are the prime factors of w?
7, 107
Let s = 26854 - 12320. Suppose -278 = 44*d - s. What are the prime factors of d?
2, 3
L